site number?
False
Let o(i) = 63*i - 1. Let v be (-4 + -14)/2 + -1. Let s = v - -14. Is o(s) a prime number?
True
Let v be (9/(-6))/((-3)/(-8)). Let j be v/6*12/8. Is 1551 + 2 - j - -1 a composite number?
True
Suppose 3*g + 19 = -2*n, -2*g + 9 = -4*n + n. Let d be (0 - -5)*(108/20 + -5). Is 68/2*d - g a prime number?
True
Let r = 2280 - 1249. Is r a composite number?
False
Suppose 4*o = -3*i - 0*i + 151, -i + 3*o = -46. Suppose -48*m = -i*m + 134. Is m prime?
False
Let p(f) = 40 + 3*f**2 + 18*f - 32*f - 10*f. Is p(25) a prime number?
False
Suppose 6*l = 11*l - 120. Suppose l*s = 23*s + 31. Is s prime?
True
Is (-108)/(-90) + (-20029)/(-5) a prime number?
True
Suppose 5*c - c - 20 = 0. Let m be (-4 - (-20)/c)/(-1). Suppose m = 8*k - 3*k - 1345. Is k a composite number?
False
Let p(s) = 10*s**2 - 40*s - 5. Is p(7) composite?
True
Let y be 1/(-3) - 595/15. Is 16/y - 807/(-5) a composite number?
True
Let z = 691 + -1852. Let v = -616 - z. Is v prime?
False
Suppose 4*p + 1579 = -5*y + 8298, -4*y + 12 = 0. Let u = p + 2273. Is u a composite number?
True
Let g = -20 + 25. Suppose 0 = 3*a - g*a. Suppose -12*x + 10*x + 614 = a. Is x a prime number?
True
Let n be 3*(-5)/15 - -882. Let p = -488 + n. Is p a composite number?
True
Suppose -5*v = -15 - 995. Is v a prime number?
False
Suppose 5*a - 6236 = h, 0 = 2*a - 3*a + h + 1248. Is a composite?
True
Suppose 0 = 13*p - 146338 - 147631. Is p composite?
False
Suppose 81739 = 4*o - 5*b, 0 = 2*o - 16*b + 11*b - 40877. Is o a prime number?
True
Let w(a) = a**3 + 15*a**2 + 6*a + 11. Is w(-12) composite?
True
Let a(n) = 2*n**2 + 10*n + 2. Let f be a(-6). Suppose -f*z - z = -18735. Is z prime?
True
Suppose 4*q + 4 = 0, -5 = -z - z - 5*q. Suppose 2859 = 3*b - z*u, -6*b = -4*b + 2*u - 1906. Is b a prime number?
True
Let i = -1618 + 5427. Is i prime?
False
Let y(p) = 5*p - 3. Let w be y(3). Suppose -5*i - 4*v + 26 = 0, 4*i - 6*i - w = -4*v. Suppose 0 = i*b + 3*b - 5, -2306 = -3*a - 5*b. Is a composite?
True
Let y(p) = 88*p**2 - 8*p + 5. Is y(-3) prime?
True
Let r be (-98310)/(-26) + ((-60)/52 - -1). Suppose 0 = -5*g + 10, -r = -3*m + 4*g - 3*g. Is m composite?
True
Let v(w) = -2*w + 13. Let r be v(9). Let z be 2/r*(-21 + 1). Is 1138/z + (-12)/(-16) prime?
False
Suppose 0 = -23*a - 167092 + 882875. Is a a prime number?
True
Suppose -20*y + 4810 + 53730 = 0. Is y a composite number?
False
Suppose d = 5*o - 9268, 0 = 4*o - 3*o - 4*d - 1865. Suppose 0 = -2*q + 6*q, 0 = -3*t + 3*q + 1845. Suppose -2*l + t = y, -3*y - 4*l + o = -0*y. Is y prime?
False
Let p(l) be the first derivative of 481*l + 1/4*l**4 - 1/2*l**2 + 10 - 1/3*l**3. Is p(0) a composite number?
True
Let j = -27517 + 41624. Is j a prime number?
True
Let d(s) be the first derivative of s**4/4 + 17*s**3/3 - 10*s**2 - 11*s - 1. Is d(-18) prime?
False
Let m(u) = 26*u**2 + 8*u + 31. Let n = 33 - 26. Is m(n) prime?
True
Suppose 0 = -2*g, -g - 4*g = -q + 1881. Suppose 0 = -3*n + 276 + q. Is n composite?
False
Suppose 44339 = -3*i + 4*r, -5*i = -3*r - 2*r + 73905. Let m = -9614 - i. Is m a prime number?
True
Let g(f) = -f**2 + 9*f - 16. Let c be g(5). Suppose q - 2935 = 2*r, -c*r + 327 = q - 2608. Is q a composite number?
True
Let h = 12066 + -3779. Is h a prime number?
True
Let n be ((-15)/(-6))/((-82)/28 + 3). Let b = 76 + n. Is b a prime number?
False
Suppose 0 = 4*i - 17298 - 2978. Suppose 0*g - 3*g - 1695 = -l, 3*l - i = 5*g. Suppose 5*y - l = 362. Is y a prime number?
True
Let m be (-1 - 3 - -11)*2. Let l(h) = -m*h + 4 - 5 + 77*h - 12. Is l(4) composite?
False
Suppose 3*v - 10958 = -z, z - 10966 = 25*v - 20*v. Is z a prime number?
False
Let t = 4043 + -2836. Is t composite?
True
Let w(i) = 30*i**2 + 5*i - 8. Let z be w(-9). Let b = z - 1562. Is b a composite number?
True
Let u(a) = -a**2 + a + 1. Let s(l) = l**3 + 8*l**2 - 4*l - 2. Let i(z) = -s(z) - 3*u(z). Let v be i(-5). Is (-2366)/v + (-6)/18 composite?
True
Suppose 5*h - 3*h - 10 = 0. Let d(c) = 18*c + 2 + h - 5 - 3. Is d(5) composite?
False
Suppose -54*d = -68*d + 464086. Is d composite?
False
Let x(l) = -l**3 - 4*l**2 + 6*l - 10. Let v be x(-8). Let c(n) = 48 + 221 - n + 0*n + v. Is c(0) composite?
False
Suppose 2*p + 5*y - 369 = 0, 3*p - 232 = y + 364. Suppose 0 = a - p - 200. Is a prime?
True
Let y = 203 + 190. Suppose -14*s + 17*s - y = 0. Is s a prime number?
True
Let i be (71/(-3))/(3/9). Let h be (-3488)/14 - 1/(-7). Let p = i - h. Is p a composite number?
True
Suppose n - 4*n - 31 = 5*r, n + 2*r = -10. Is 188/n*1*-21 composite?
True
Let o(k) = -4*k**3 + 2*k**2 - 6*k - 1. Is o(-6) composite?
False
Let y(j) = j**2 + j - 67. Is y(-33) a composite number?
True
Let u = -12398 + 20281. Is u composite?
False
Let f = 332 - -23. Let w = -236 + f. Suppose -j + 204 = -w. Is j a composite number?
True
Let h(i) = 4730*i - 119. Is h(5) composite?
False
Suppose -r + 3*k = 14, -4*r - 22 = 8*k - 3*k. Is ((-1)/((-10)/r))/(58/(-78445)) a prime number?
False
Suppose 2*t = 0, -4*t - 114110 = -19*a + 14*a. Is a prime?
False
Suppose 10*a = 20*a - 21790. Is a a composite number?
False
Let s(q) = -125*q**3 - 12*q - 25. Is s(-4) a prime number?
False
Suppose g - 9 = -5*s - 0*s, -4*s = -4. Let z be 1 - (-7)/(14/g). Suppose 1 = 4*d + 5, -h = z*d - 284. Is h composite?
True
Let o(f) = 38*f**3 - 2*f**2 + 12*f - 67. Is o(6) a composite number?
True
Let d = -4 - -9. Suppose 5*n = -2*r + n + 418, -d*r + 3*n + 1058 = 0. Is r composite?
False
Suppose 0 = -4*m + 5*w + 183, 5*w = 2*w + 15. Let t = 18 - -83. Let i = t - m. Is i prime?
False
Suppose -p = -3*h - 11, 4*h = -5*p + 2*h - 13. Let t(j) = 43*j**2 - j**2 - 1 + 14*j**2. Is t(p) a prime number?
False
Let d be -3 + (-12)/36 + (-8)/3. Is ((-4772)/6)/((-14)/d - 3) prime?
True
Let v = -35 - -34. Let t be ((-51)/(-9))/(v/(-6)). Suppose -t = o - 161. Is o composite?
False
Let g be 3/(-2) + 6/4. Let q = g - -4. Suppose -6*w + 66 = -q*w. Is w a prime number?
False
Suppose 487128 - 2078 = 50*n. Is n prime?
False
Let n(p) = -p**2 - p. Let k be n(-2). Let f be k/12 - 2614/12. Let l = f + 345. Is l prime?
True
Let c(y) = y**2 - 6. Suppose -90 = 6*u - u. Let q = u + 10. Is c(q) prime?
False
Suppose -9*k = 23*k - 203296. Is k a prime number?
True
Let i = 84870 + -60077. Is i a prime number?
True
Let q(b) = b**3 + 13*b**2 - 3*b - 5. Suppose -5*o - 25 = 5*i, 2*o + 0*o + 8 = -4*i. Is q(o) a prime number?
False
Let q = -7630 + 18726. Let d = q - 7437. Is d a prime number?
True
Let y = -22 - -22. Is -1*(-3 - y) - -538 a composite number?
False
Suppose 6*m + 47010 = -29658. Let l = 19167 + m. Is l a prime number?
True
Let p(d) = 368*d - 125. Is p(8) a prime number?
True
Let z(r) = 1215*r**2 - 6*r - 2. Let f be 9 - 9 - (-1 - -2). Is z(f) a prime number?
False
Let a = -11387 + 17428. Is a prime?
False
Let y(n) = 0 - 4 - 3 + 6. Let g(d) = 8*d + 11. Let u(h) = -g(h) - 6*y(h). Is u(-3) prime?
True
Let s = 9529 + 58. Is s composite?
False
Suppose 3*w - w = 24. Suppose -w*d + 7*d = 0. Suppose d = 13*b - 15*b + 502. Is b a prime number?
True
Suppose 0 = -6*k + 2*k + 6604. Suppose 4*s - 610 = -3*g + k, -3*g = 3*s - 1698. Is s a prime number?
True
Let s(y) = -y**3 - 25*y**2 + 20*y + 4. Let x be s(-23). Let v = -1047 - x. Is v a composite number?
False
Suppose 15*t - 3*m - 9218 = 13*t, 0 = -2*m. Is t prime?
False
Let m(y) = y**3 - 13*y**2 + 1. Let n be m(13). Let o = 2 + n. Suppose -4*t = -3*a + 57, -t - 60 = -o*a + 4*t. Is a composite?
True
Suppose 4*a - a + 2*a = 0. Is 553 - a - (-1 + -3) prime?
True
Suppose b + 5*d - 2 = 7, 2*b - 4*d = 4. Suppose q = 3*z + 5*q - 94, -4*q = -b*z + 144. Is z composite?
True
Let o(j) = j**2 - 9*j + 6. Let t(r) = r**3 - 7*r**2 + 7*r + 2. Let y be t(6). Let s be o(y). Is -22*-1*(-3)/s a composite number?
True
Let j(u) = -u**2 + u - 10510. Let x be j(0). Is x/(-14) + -7*(-14)/343 prime?
True
Suppose 5*r + 4*m = 27088, 5*r - 302 = -2*m + 26782. Is (-18)/30 + r/10 a composite number?
False
Is 6/2 + 4586 + -6 a prime number?
True
Let s(n) = -2*n**3 - 15*n**2 + 8*n - 1. Let r be s(-12). Suppose 0 = -8*j + 7*j + r. Is j a composite number?
True
Let o be 3/(969/(-324) + 3). Suppose -o = k + 176. Let a = -343 - k. Is a a prime number?
True
Let u(s) = 5*s**2 + 9*s + 9. Let v = 2 - 6. Let f(n) = -3*n**2 - 5*n - 5. Let y(l) = v*u(l) - 7*f(l). Is y(12) a composite number?
False
Let m 